s digit of y(14)?
1
Let o(b) = 3*b**2 + 3*b - 4. What is the units digit of o(3)?
2
Let f = 71 + -28. What is the tens digit of f?
4
Suppose 3*s - 20 = 49. What is the units digit of s?
3
Let b(g) = g**3 - 8*g**2 + 7*g + 6. Let v be b(7). What is the units digit of (-153)/6*v/(-9)?
7
Suppose 0 = -s - 1, 0*l - 2*l - 4*s = 0. Suppose l*t = -2*t - 3*g + 3, -t + 1 = g. Let u = t - -4. What is the units digit of u?
4
Let o(z) = 2*z**2 - 7*z + 0*z**2 + 0*z**2 - 3*z**2 - 4. Let d be o(-6). Suppose -5*i + 3*i + 26 = 3*b, 3*b = d*i - 50. What is the units digit of i?
9
Let o(y) = 12*y + 1. Let d be o(7). Suppose -d + 0 = -5*c. Suppose 2*k + c = 3*k. What is the units digit of k?
7
Suppose 4*j - 12 = -2*j. Suppose -3*p = j*g - g - 20, 4*p = -4. What is the units digit of g?
3
Let w = 22 - 37. Let i be 2/(-8)*2*10. Let m = i - w. What is the tens digit of m?
1
What is the units digit of 24/16*(-124)/(-6)?
1
Let u(o) = o**3 + o**2 + o + 1. Let t be u(-2). Let m(s) = -8*s - 2. Let q be m(-2). Let g = q + t. What is the units digit of g?
9
Let r(q) = -q - 4. Suppose n + 2 = -4*t - 6, 0 = -3*n + 5*t + 27. Let s = n + -9. What is the units digit of r(s)?
1
Let k = -7 + 15. Suppose 4*q + 85 = 4*t + 25, t - 15 = -4*q. Let c = t - k. What is the units digit of c?
7
Suppose -43 = -4*q + 3*g, 3*g - 2 + 5 = 0. What is the units digit of q?
0
Let l = 28 - 50. Let o(c) = -9*c + 2. Let t be o(2). Let n = t - l. What is the units digit of n?
6
Let i(r) = -r + 1. Let k be i(-3). Suppose 16 = -k*v, -4*z + 80 = 3*v + v. What is the units digit of z?
4
Suppose 0*l + l = 3*m - 16, 24 = 4*m - 4*l. Suppose -m*z = -3*k - 114, z + 2*k + 2 = 17. What is the units digit of z?
1
Suppose -5*l + 26 = 1. Suppose -140 = -l*q + 2*u, 5*q + 2*u + 0*u = 120. What is the tens digit of q?
2
Let s = 272 - 57. Suppose s = 2*v + 3*v. What is the units digit of v?
3
Suppose -v + 0*v - n + 12 = 0, 4*n = -3*v + 41. Suppose -12 = 4*o, -5*z - v = -o + 5*o. What is the units digit of z?
1
Let f = 4 - 4. Let p be 16/4 - (2 + f). What is the units digit of 10 + 0 - (1 + p)?
7
Let w(h) = -8*h + 7*h + 3*h - 1. Let z be w(1). Let v(l) = 3*l**2 + l. What is the units digit of v(z)?
4
Suppose 0*j + 18 = v + 3*j, 0 = 4*j. Suppose v + 4 = 2*y. What is the units digit of y?
1
Suppose -b + 3*b - 216 = 0. Suppose -87 = -3*q + 5*t, t - b = -5*q - 3*t. Suppose 4*p = 2*z - q, -2*z + 1 + 16 = 3*p. What is the tens digit of z?
1
Suppose z - 153 + 51 = 0. What is the tens digit of z?
0
Suppose -2*f - 2*a = -2, 2*f - 7*a = -4*a + 7. Suppose -s + f*s - 9 = 0. Let l = -5 + s. What is the units digit of l?
4
Let f(t) = 7*t**2 + 8*t + 25. What is the tens digit of f(-3)?
6
Let a(l) = -5*l - 4*l**2 + 3 + 0*l**2 + l**3 + 1. Let k be a(5). What is the units digit of (2/k)/(1/14)?
7
Let s = 20 + -18. Suppose s*h - 6*h = -60. What is the units digit of h?
5
Let l(p) = -p + 1. Let a be l(2). Let i be (a/2)/(5/40). Let f(w) = -4*w. What is the units digit of f(i)?
6
Suppose 3*i + 15 = 6*i. Suppose l = i*v - 51, -l + 5*l = -4*v + 36. What is the tens digit of v?
1
Let f(g) = 5*g**2 - 4*g + 6. Let z be f(6). What is the tens digit of z/8 - (-2)/(-8)?
2
Let a be (-58)/(-12) + 2/12. Suppose 5*r - 78 = -3*w + 3, -5*r + a*w = -105. What is the tens digit of r?
1
Let n be 0*(4 - 3 - 0). Suppose -37 = -2*g + 3*z, n = -4*z - 1 - 3. What is the tens digit of g?
1
Let q(d) = d + 3. Let c be q(0). Suppose c*b + 2*b = 65. What is the tens digit of b?
1
Let c be (10/4)/(1/4). Let s be ((-8)/10)/((-4)/c). Suppose 0 = -3*k - o + s, 0 = 6*k - 7*k + 2*o + 3. What is the units digit of k?
1
Let j(r) = 3*r**2 - r - 1. Let f be j(-1). Let l be (-2 + f)/((-1)/(-23)). Suppose -4*a = -2*a - m + 2, 3*a = -5*m + l. What is the units digit of a?
1
Let p be (-16)/6*(-9)/6. What is the units digit of 49/2 - 6/p?
3
Suppose -3*h + d - 17 = 0, 0 = -4*h + 4*d - 9 - 3. Let i = -5 - h. What is the units digit of i?
2
Let q(s) be the first derivative of s**4/12 + 7*s**3/6 + 3*s + 3. Let a(x) be the first derivative of q(x). What is the units digit of a(-8)?
8
Let b(m) = -14 + 1 - 2 + 3*m. What is the tens digit of b(13)?
2
Suppose 9 = -5*j - 1. Let c = -1 - j. What is the units digit of c?
1
Let o(m) = 9*m + 16. Let g be o(11). Suppose 2*u - 5*h - 49 = 0, -6*u + 5*h + g = -u. What is the units digit of u?
2
Suppose 10 = 4*t + t. Let f(g) = -g. Let r be f(-2). What is the units digit of (r + 0)*9/t?
9
Let d(n) = -n**2 - 21*n - 10. Let p be d(-15). Suppose 5*o = 235 - p. What is the units digit of o?
1
Let f = 1 + 0. What is the tens digit of (-58)/(-1 - (f - 0))?
2
Let g = 244 + -134. Let m = -74 + g. What is the tens digit of m?
3
Let g = 14 - 9. Suppose -4*f + 22 = 2*h, 2*f + f - h - 4 = 0. Let m = g - f. What is the units digit of m?
2
Suppose 5*h = 25, -2*h + h = -4*i + 7. Suppose -k + i = -1. Suppose 0 = 3*u - 4*a - 9, u + k*a - 4 = 5*a. What is the units digit of u?
7
Suppose 4 = 5*p + 2*v, -4*p + 2*v + 2 = -12. Suppose 2*a - 18 = -2*x, 2*a + x = -p*x + 14. What is the tens digit of a?
1
Let t be (14/6)/(1/(-3)). What is the units digit of ((-12)/(-2))/(-2) - t?
4
Let a(h) = h + 7. Let m(r) = -4*r**2 + 1. Let b be m(1). Let s be (-1 - b) + (-7 - 1). What is the units digit of a(s)?
1
Let v = 22 - 16. Let q = 71 - 11. Suppose -q = z - v*z. What is the units digit of z?
2
Let s(n) = 2*n**2 + 2*n + 3. Let y be s(-2). Suppose 0 = -g + y + 8. What is the tens digit of g?
1
Suppose 2*f + 6 = a, 2*a = 5*a. Let g(d) = -d - 6. Let v be g(-5). What is the units digit of f/v + 1 + 1?
5
Let b = 17 - 2. Let a be ((-12)/b)/(6/(-15)). What is the units digit of 7 + (-2 - -2) + a?
9
Let n(f) = 7*f**2 - 5*f. Let u(t) = 2*t**2 + 1 - 3 - t**2 + 1. Let o(g) = n(g) - 5*u(g). What is the units digit of o(4)?
7
Let v = -6 + 9. Suppose -3*p = -b + 9, v*b - 34 = -3*p + 53. Suppose 0 = -0*z - 3*z + b. What is the units digit of z?
8
Let h be (-6)/(-9) + (-3)/(-9). What is the units digit of -1 - 48/(-3 + h)?
3
Let z be 5/(5/(-2)) - -2. Suppose 2*b + z*b = -66. Let i = 47 + b. What is the tens digit of i?
1
Let w(v) = 2*v + 2. Let y be (6/(-4))/(2/(-4)). Let z be w(y). Let a = z - 1. What is the units digit of a?
7
Let q(j) = j**3 + 9*j**2 + 9*j + 7. What is the units digit of q(-7)?
2
Let n(f) = 10*f**2 + 12*f + 11. Let i = 12 + -7. Let q(d) = 7*d**2 + 8*d + 7. Let m(z) = i*n(z) - 7*q(z). What is the tens digit of m(-6)?
1
Suppose 9 = -4*n - 23. Let w = n + 9. What is the units digit of w?
1
Let x(n) be the first derivative of -n**6/360 + n**5/120 + n**4/4 - 2*n**3/3 + 2. Let d(t) be the third derivative of x(t). What is the units digit of d(0)?
6
Suppose 2*l = 2*p - 30, 2*l + 0*l = 4*p - 66. What is the units digit of p?
8
Suppose 5 = 3*o - 4. Suppose -25 = 4*s - 5, 19 = o*l - 2*s. Suppose -l*u + 27 + 9 = 0. What is the units digit of u?
2
Let d be 213/2 - 4/(-8). Let i = d - 76. What is the units digit of i?
1
Suppose 2*c = -o + 24, o = -4*o - 5*c + 130. What is the tens digit of o?
2
Suppose -4*w = 4, w - 5*w + 18 = -2*t. Let r = -7 - t. What is the units digit of r?
4
Let h(t) = 10*t**2 + 1. Let b be h(1). Let y = -5 + b. What is the units digit of y?
6
Suppose 24 = -5*w + 259. What is the units digit of 6/24 - w/(-4)?
2
Let k(x) = -3*x**3 - 5*x**2 - 10*x + 18. Let b(t) = 2*t**3 + 6*t**2 + 11*t - 17. Let i(w) = 4*b(w) + 3*k(w). What is the units digit of i(10)?
6
Suppose -3*o = 2*o. What is the units digit of (-3)/((-6)/8 + o)?
4
Suppose 3*j = -2*j + 20. Suppose -j - 2 = -2*z. Suppose 3*s = -z*t + 3, -5*t = -4*t + 3*s + 7. What is the units digit of t?
5
Let h = -23 + 25. Let g(t) = 3*t**2 + t - 1. Let f be g(1). Suppose 0*w + 9 = -h*w + 3*a, 5*a - 16 = f*w. What is the units digit of w?
3
Let l be 4 - (5 + -2 - 4). Suppose -24 - 51 = -l*n. What is the units digit of n?
5
Let w(o) = -5*o - 2. Let t(b) = 15*b + 5. Let c(x) = -2*t(x) - 7*w(x). Let y be c(-4). Let u = y - -22. What is the units digit of u?
6
Let q = 14 + -6. Suppose 4 = 4*g - 3*l, -g = -q*l + 3*l - 1. What is the units digit of g?
1
Let d be (12/6)/((-2)/(-5)). Let w(s) = s**2 - 1. Let j be w(-2). Suppose 5*p + 26 = j*x, -d*x + 2*p + 30 = -x. What is the units digit of x?
7
Suppose o = w - 3, 4*w - 3*o = -o + 16. Suppose -2*i + 4*m = -0*m + 12, -w*i - 3*m = -9. Let x(s) = s**2 - s + 11. What is the tens digit of